{"id":199,"date":"2025-10-08T17:53:38","date_gmt":"2025-10-08T17:53:38","guid":{"rendered":"https:\/\/www.missticreations.ch\/?post_type=product&#038;p=199"},"modified":"2025-10-08T18:00:19","modified_gmt":"2025-10-08T18:00:19","slug":"schildkroete-rudy","status":"publish","type":"product","link":"https:\/\/www.missticreations.ch\/?product=schildkroete-rudy","title":{"rendered":"Schildkr\u00f6te Rudy"},"content":{"rendered":"<p data-start=\"396\" data-end=\"713\">Hier kommt <strong data-start=\"407\" data-end=\"415\">Rudy<\/strong>, die coolste Schildkr\u00f6te weit und breit! Mit ihren grossen, freundlichen Augen, dem detailreich geh\u00e4kelten Panzer und den auff\u00e4lligen roten Schuhen ist sie ein echter Blickfang. Rudy bringt gute Laune und eine Portion Gelassenheit in jedes Zuhause \u2013 perfekt als Geschenk, Deko oder Sammlerst\u00fcck.<\/p>\n<p data-start=\"715\" data-end=\"850\">\u2728 <strong data-start=\"717\" data-end=\"740\">Handarbeit mit Herz<\/strong><br data-start=\"740\" data-end=\"743\" \/>Rudy wird mit viel Geduld und Liebe von Hand geh\u00e4kelt \u2013 jedes St\u00fcck ist ein Unikat mit eigenem Charakter.<\/p>\n<p data-start=\"852\" data-end=\"1004\">\ud83c\udf31 <strong data-start=\"855\" data-end=\"883\">Pflegeleicht &amp; langlebig<\/strong><br data-start=\"883\" data-end=\"886\" \/>Die Schildkr\u00f6te kann bei <strong data-start=\"911\" data-end=\"920\">30 \u00b0C<\/strong> im Schonwaschgang gewaschen werden \u2013 ideal f\u00fcr Kinderh\u00e4nde und langlebige Freude.<\/p>\n<p data-start=\"1006\" data-end=\"1194\">\ud83d\udc96 <strong data-start=\"1009\" data-end=\"1030\">Ein Kauf mit Sinn<\/strong><br data-start=\"1030\" data-end=\"1033\" \/>Ein grosser Teil des Erl\u00f6ses geht an die <strong data-start=\"1074\" data-end=\"1095\">Stiftung Theodora<\/strong> und das <strong data-start=\"1104\" data-end=\"1120\">SAZ Burgdorf<\/strong> \u2013 damit dein Kauf nicht nur Freude schenkt, sondern auch Gutes bewirkt.<\/p>\n","protected":false},"excerpt":{"rendered":"<p>\u2714 100 % Handarbeit \u2013 mit Liebe geh\u00e4kelt<br data-start=\"1632\" data-end=\"1635\" \/>\u2714 Auff\u00e4lliges Design mit roten Schuhen<br data-start=\"1673\" data-end=\"1676\" \/>\u2714 Pflegeleicht &amp; langlebig<br data-start=\"1702\" data-end=\"1705\" \/>\u2714 Unterst\u00fctzt soziale Projekte<\/p>\n","protected":false},"featured_media":186,"template":"","meta":{"_et_pb_use_builder":"","_et_pb_old_content":"","_et_gb_content_width":""},"product_brand":[],"product_cat":[29],"product_tag":[27,31],"class_list":{"0":"post-199","1":"product","2":"type-product","3":"status-publish","4":"has-post-thumbnail","6":"product_cat-fantasie","7":"product_tag-amigurumi","8":"product_tag-schildkroete","10":"first","11":"instock","12":"sold-individually","13":"shipping-taxable","14":"purchasable","15":"product-type-simple"},"jetpack_sharing_enabled":true,"_links":{"self":[{"href":"https:\/\/www.missticreations.ch\/index.php?rest_route=\/wp\/v2\/product\/199","targetHints":{"allow":["GET"]}}],"collection":[{"href":"https:\/\/www.missticreations.ch\/index.php?rest_route=\/wp\/v2\/product"}],"about":[{"href":"https:\/\/www.missticreations.ch\/index.php?rest_route=\/wp\/v2\/types\/product"}],"wp:featuredmedia":[{"embeddable":true,"href":"https:\/\/www.missticreations.ch\/index.php?rest_route=\/wp\/v2\/media\/186"}],"wp:attachment":[{"href":"https:\/\/www.missticreations.ch\/index.php?rest_route=%2Fwp%2Fv2%2Fmedia&parent=199"}],"wp:term":[{"taxonomy":"product_brand","embeddable":true,"href":"https:\/\/www.missticreations.ch\/index.php?rest_route=%2Fwp%2Fv2%2Fproduct_brand&post=199"},{"taxonomy":"product_cat","embeddable":true,"href":"https:\/\/www.missticreations.ch\/index.php?rest_route=%2Fwp%2Fv2%2Fproduct_cat&post=199"},{"taxonomy":"product_tag","embeddable":true,"href":"https:\/\/www.missticreations.ch\/index.php?rest_route=%2Fwp%2Fv2%2Fproduct_tag&post=199"}],"curies":[{"name":"wp","href":"https:\/\/api.w.org\/{rel}","templated":true}]}}