{"id":221,"date":"2025-10-08T18:10:55","date_gmt":"2025-10-08T18:10:55","guid":{"rendered":"https:\/\/www.missticreations.ch\/?post_type=product&#038;p=221"},"modified":"2025-10-08T18:10:55","modified_gmt":"2025-10-08T18:10:55","slug":"schaf-lotti","status":"publish","type":"product","link":"https:\/\/www.missticreations.ch\/?product=schaf-lotti","title":{"rendered":"Schaf Lotti"},"content":{"rendered":"<p data-start=\"353\" data-end=\"635\">Hier kommt <strong data-start=\"364\" data-end=\"373\">Lotti<\/strong>, das wohl liebenswerteste Schaf weit und breit! Mit ihrem flauschigen H\u00e4kel-Fell, den treuen Knopfaugen und dem sanften Ausdruck ist sie ein echtes Lieblingsst\u00fcck. Ob als Geschenk, Dekoration oder kuscheliger Begleiter \u2013 Lotti sorgt f\u00fcr W\u00e4rme und ein L\u00e4cheln.<\/p>\n<p data-start=\"637\" data-end=\"806\">\u2728 <strong data-start=\"639\" data-end=\"662\">Handarbeit mit Herz<\/strong><br data-start=\"662\" data-end=\"665\" \/>Jedes Schaf wird liebevoll von Hand geh\u00e4kelt \u2013 mit grosser Sorgfalt, Liebe zum Detail und ganz viel Geduld. Kein St\u00fcck gleicht dem anderen.<\/p>\n<p data-start=\"808\" data-end=\"937\">\ud83c\udf31 <strong data-start=\"811\" data-end=\"839\">Pflegeleicht &amp; langlebig<\/strong><br data-start=\"839\" data-end=\"842\" \/>Lotti kann bei <strong data-start=\"857\" data-end=\"866\">30 \u00b0C<\/strong> im Schonwaschgang gewaschen werden und bleibt dabei kuschelig weich.<\/p>\n<p data-start=\"939\" data-end=\"1114\">\ud83d\udc96 <strong data-start=\"942\" data-end=\"973\">Ein Kauf, der Gutes bewirkt<\/strong><br data-start=\"973\" data-end=\"976\" \/>Mit jedem Kauf unterst\u00fctzt du soziale Projekte: Ein grosser Teil des Erl\u00f6ses geht an die <strong data-start=\"1065\" data-end=\"1086\">Stiftung Theodora<\/strong> und das <strong data-start=\"1095\" data-end=\"1111\">SAZ Burgdorf<\/strong>.<\/p>\n","protected":false},"excerpt":{"rendered":"<p>\u2714 100 % Handarbeit \u2013 detailverliebt &amp; einzigartig<br data-start=\"1530\" data-end=\"1533\" \/>\u2714 Kuschelig &amp; pflegeleicht<br data-start=\"1559\" data-end=\"1562\" \/>\u2714 Perfektes Geschenk f\u00fcr Kinder und Erwachsene<br data-start=\"1608\" data-end=\"1611\" \/>\u2714 Unterst\u00fctzt soziale Projekte<\/p>\n","protected":false},"featured_media":195,"template":"","meta":{"_et_pb_use_builder":"","_et_pb_old_content":"","_et_gb_content_width":""},"product_brand":[],"product_cat":[29],"product_tag":[27,39,40],"class_list":{"0":"post-221","1":"product","2":"type-product","3":"status-publish","4":"has-post-thumbnail","6":"product_cat-fantasie","7":"product_tag-amigurumi","8":"product_tag-schaf","9":"product_tag-schaefchen","11":"first","12":"instock","13":"sold-individually","14":"shipping-taxable","15":"purchasable","16":"product-type-simple"},"jetpack_sharing_enabled":true,"_links":{"self":[{"href":"https:\/\/www.missticreations.ch\/index.php?rest_route=\/wp\/v2\/product\/221","targetHints":{"allow":["GET"]}}],"collection":[{"href":"https:\/\/www.missticreations.ch\/index.php?rest_route=\/wp\/v2\/product"}],"about":[{"href":"https:\/\/www.missticreations.ch\/index.php?rest_route=\/wp\/v2\/types\/product"}],"wp:featuredmedia":[{"embeddable":true,"href":"https:\/\/www.missticreations.ch\/index.php?rest_route=\/wp\/v2\/media\/195"}],"wp:attachment":[{"href":"https:\/\/www.missticreations.ch\/index.php?rest_route=%2Fwp%2Fv2%2Fmedia&parent=221"}],"wp:term":[{"taxonomy":"product_brand","embeddable":true,"href":"https:\/\/www.missticreations.ch\/index.php?rest_route=%2Fwp%2Fv2%2Fproduct_brand&post=221"},{"taxonomy":"product_cat","embeddable":true,"href":"https:\/\/www.missticreations.ch\/index.php?rest_route=%2Fwp%2Fv2%2Fproduct_cat&post=221"},{"taxonomy":"product_tag","embeddable":true,"href":"https:\/\/www.missticreations.ch\/index.php?rest_route=%2Fwp%2Fv2%2Fproduct_tag&post=221"}],"curies":[{"name":"wp","href":"https:\/\/api.w.org\/{rel}","templated":true}]}}