{"id":225,"date":"2025-10-08T18:21:01","date_gmt":"2025-10-08T18:21:01","guid":{"rendered":"https:\/\/www.missticreations.ch\/?post_type=product&#038;p=225"},"modified":"2025-11-01T17:37:28","modified_gmt":"2025-11-01T15:37:28","slug":"baer-mit-rassel","status":"publish","type":"product","link":"https:\/\/www.missticreations.ch\/?product=baer-mit-rassel","title":{"rendered":"B\u00e4r mit Rassel"},"content":{"rendered":"<p data-start=\"352\" data-end=\"642\">Dieser liebevoll geh\u00e4kelte <strong data-start=\"379\" data-end=\"396\">Amigurumi-B\u00e4r<\/strong> ist nicht nur ein s\u00fcsses Kuscheltier, sondern auch ein sanft klingelndes Rasselspielzeug. Mit seinen grossen Kulleraugen, dem niedlichen Gesicht und der feinen Handarbeit ist er das ideale Geschenk zur Geburt, Taufe oder zum ersten Geburtstag.<\/p>\n<p data-start=\"644\" data-end=\"799\">\u2728 <strong data-start=\"646\" data-end=\"669\">Handarbeit mit Herz<\/strong><br data-start=\"669\" data-end=\"672\" \/>Jeder B\u00e4r wird sorgf\u00e4ltig und liebevoll von Hand geh\u00e4kelt \u2013 mit viel Geduld und Liebe zum Detail. Jedes St\u00fcck ist ein Unikat.<\/p>\n<p data-start=\"801\" data-end=\"1006\">\ud83c\udf31 <strong data-start=\"804\" data-end=\"829\">Sicher &amp; pflegeleicht<\/strong><br data-start=\"829\" data-end=\"832\" \/>Der B\u00e4r besteht aus hochwertigem Baumwollgarn und ist mit einer <strong data-start=\"896\" data-end=\"919\">integrierten Rassel<\/strong> versehen. Waschbar bei <strong data-start=\"943\" data-end=\"952\">30 \u00b0C<\/strong> im Schonwaschgang \u2013 perfekt f\u00fcr kleine Kinderh\u00e4nde.<\/p>\n<p data-start=\"1008\" data-end=\"1196\">\ud83d\udc96 <strong data-start=\"1011\" data-end=\"1032\">Ein Kauf mit Sinn<\/strong><br data-start=\"1032\" data-end=\"1035\" \/>Ein grosser Teil des Erl\u00f6ses wird an die <strong data-start=\"1076\" data-end=\"1097\">Stiftung Theodora<\/strong> und das <strong data-start=\"1106\" data-end=\"1122\">SAZ Burgdorf<\/strong> gespendet \u2013 f\u00fcr noch mehr Freude, die \u00fcber das Kinderzimmer hinausgeht.<\/p>\n","protected":false},"excerpt":{"rendered":"<p>\u2714 100 % Handarbeit \u2013 liebevoll geh\u00e4kelt<br data-start=\"1672\" data-end=\"1675\" \/>\u2714 Mit sanfter Rassel im Innern<br data-start=\"1705\" data-end=\"1708\" \/>\u2714 Sicher &amp; pflegeleicht<br data-start=\"1731\" data-end=\"1734\" \/>\u2714 Unterst\u00fctzt soziale Projekte<\/p>\n","protected":false},"featured_media":184,"template":"","meta":{"_et_pb_use_builder":"","_et_pb_old_content":"","_et_gb_content_width":""},"product_brand":[],"product_cat":[23],"product_tag":[27,41,42],"class_list":{"0":"post-225","1":"product","2":"type-product","3":"status-publish","4":"has-post-thumbnail","6":"product_cat-baeren","7":"product_tag-amigurumi","8":"product_tag-baer","9":"product_tag-rassel","11":"first","12":"instock","13":"sold-individually","14":"shipping-taxable","15":"purchasable","16":"product-type-simple"},"jetpack_sharing_enabled":true,"_links":{"self":[{"href":"https:\/\/www.missticreations.ch\/index.php?rest_route=\/wp\/v2\/product\/225","targetHints":{"allow":["GET"]}}],"collection":[{"href":"https:\/\/www.missticreations.ch\/index.php?rest_route=\/wp\/v2\/product"}],"about":[{"href":"https:\/\/www.missticreations.ch\/index.php?rest_route=\/wp\/v2\/types\/product"}],"wp:featuredmedia":[{"embeddable":true,"href":"https:\/\/www.missticreations.ch\/index.php?rest_route=\/wp\/v2\/media\/184"}],"wp:attachment":[{"href":"https:\/\/www.missticreations.ch\/index.php?rest_route=%2Fwp%2Fv2%2Fmedia&parent=225"}],"wp:term":[{"taxonomy":"product_brand","embeddable":true,"href":"https:\/\/www.missticreations.ch\/index.php?rest_route=%2Fwp%2Fv2%2Fproduct_brand&post=225"},{"taxonomy":"product_cat","embeddable":true,"href":"https:\/\/www.missticreations.ch\/index.php?rest_route=%2Fwp%2Fv2%2Fproduct_cat&post=225"},{"taxonomy":"product_tag","embeddable":true,"href":"https:\/\/www.missticreations.ch\/index.php?rest_route=%2Fwp%2Fv2%2Fproduct_tag&post=225"}],"curies":[{"name":"wp","href":"https:\/\/api.w.org\/{rel}","templated":true}]}}